{"id":2554,"date":"2026-02-03T11:16:40","date_gmt":"2026-02-03T10:16:40","guid":{"rendered":"https:\/\/spinnpack.fr\/?page_id=2554"},"modified":"2026-03-16T09:19:02","modified_gmt":"2026-03-16T08:19:02","slug":"poudreur","status":"publish","type":"page","link":"https:\/\/spinnpack.fr\/?page_id=2554","title":{"rendered":"Poudreur"},"content":{"rendered":"\t\t<div data-elementor-type=\"wp-page\" data-elementor-id=\"2554\" class=\"elementor elementor-2554\">\n\t\t\t\t\t\t<section class=\"elementor-section elementor-top-section elementor-element elementor-element-66e1f300 elementor-section-full_width elementor-section-height-default elementor-section-height-default wpr-particle-no wpr-jarallax-no wpr-parallax-no wpr-sticky-section-no\" data-id=\"66e1f300\" data-element_type=\"section\">\n\t\t\t\t\t\t<div class=\"elementor-container elementor-column-gap-no\">\n\t\t\t\t\t<div class=\"elementor-column elementor-col-100 elementor-top-column elementor-element elementor-element-241275f8\" data-id=\"241275f8\" data-element_type=\"column\">\n\t\t\t<div class=\"elementor-widget-wrap elementor-element-populated\">\n\t\t\t\t\t\t<div class=\"elementor-element elementor-element-60121eb wpr-adv-slider-columns-1 wpr-adv-slider-columns--tablet1 wpr-adv-slider-columns--mobile1 wpr-adv-slides-to-scroll-1 wpr-slider-dots-horizontal elementor-widget elementor-widget-wpr-advanced-slider\" data-id=\"60121eb\" data-element_type=\"widget\" data-settings=\"{&quot;slider_amount&quot;:&quot;1&quot;,&quot;slider_amount_tablet&quot;:1,&quot;slider_amount_mobile&quot;:1,&quot;slides_to_scroll&quot;:1,&quot;slider_loop&quot;:&quot;yes&quot;,&quot;slider_hide_video_content&quot;:&quot;yes&quot;,&quot;slider_video_btn_size&quot;:&quot;medium&quot;}\" data-widget_type=\"wpr-advanced-slider.default\">\n\t\t\t\t<div class=\"elementor-widget-container\">\n\t\t\t\t\t\n\t\t<!-- Advanced Slider -->\n\t\t<div class=\"wpr-advanced-slider-wrap\">\n\t\t\t\n\t\t\t<div class=\"wpr-advanced-slider\" dir=\"ltr\" data-slick=\"{&quot;rtl&quot;:false,&quot;infinite&quot;:true,&quot;speed&quot;:700,&quot;arrows&quot;:true,&quot;dots&quot;:true,&quot;autoplay&quot;:false,&quot;autoplaySpeed&quot;:0,&quot;pauseOnHover&quot;:&quot;&quot;,&quot;prevArrow&quot;:&quot;#wpr-slider-prev-60121eb&quot;,&quot;nextArrow&quot;:&quot;#wpr-slider-next-60121eb&quot;,&quot;vertical&quot;:false,&quot;adaptiveHeight&quot;:true}\" data-hide-video-content=\"yes\" data-video-btn-size=\"{&quot;widescreen&quot;:&quot;medium&quot;,&quot;desktop&quot;:&quot;medium&quot;,&quot;laptop&quot;:&quot;medium&quot;,&quot;tablet_extra&quot;:&quot;medium&quot;,&quot;tablet&quot;:&quot;medium&quot;,&quot;mobile_extra&quot;:&quot;medium&quot;,&quot;mobile&quot;:&quot;medium&quot;}\" data-slide-effect=\"slide\">\n\t\t\t\t<div class=\"wpr-slider-item elementor-repeater-item-af2bb90\"><div class=\"wpr-slider-item-bg \" style=\"background-image: url(https:\/\/spinnpack.fr\/wp-content\/uploads\/2026\/01\/photo.jpg)\"><\/div><div class=\"wpr-cv-container\"><div class=\"wpr-cv-outer\"><div class=\"wpr-cv-inner\"><div class=\"wpr-slider-content\"><div class=\"wpr-slider-title\"><h2>Bo\u00eete carton<\/h2><\/div><div class=\"wpr-slider-sub-title\"><h3>Poudreurs<\/h3><\/div><div class=\"wpr-slider-description\"><p>Poudreur en carton \u00e9quip\u00e9 d'un syst\u00e8me rotatif avec perforations permettant de doser et de distribuer facilement de la poudre.<\/p><\/div><div class=\"wpr-slider-btns\"><\/div><\/div><\/div><\/div><\/div><\/div>\t\t\t<\/div>\n\t\t\t<div class=\"wpr-slider-controls\">\n\t\t\t\t<div class=\"wpr-slider-dots\"><\/div>\n\t\t\t<\/div>\n\n\t\t\t<div class=\"wpr-slider-arrow-container\">\n\t\t\t\t<div class=\"wpr-slider-prev-arrow wpr-slider-arrow\" id=\"wpr-slider-prev-60121eb\">\n\t\t\t\t\t\t\t\t\t<\/div>\n\t\t\t\t<div class=\"wpr-slider-next-arrow wpr-slider-arrow\" id=\"wpr-slider-next-60121eb\">\n\t\t\t\t\t\t\t\t\t<\/div>\n\t\t\t<\/div>\n\t\t\t\n\t\t\t\n\t\t<\/div>\n\t\t\t\t\t\t<\/div>\n\t\t\t\t<\/div>\n\t\t\t\t\t<\/div>\n\t\t<\/div>\n\t\t\t\t\t<\/div>\n\t\t<\/section>\n\t\t\t\t<section class=\"elementor-section elementor-top-section elementor-element elementor-element-51a76f79 elementor-section-boxed elementor-section-height-default elementor-section-height-default wpr-particle-no wpr-jarallax-no wpr-parallax-no wpr-sticky-section-no\" data-id=\"51a76f79\" data-element_type=\"section\">\n\t\t\t\t\t\t<div class=\"elementor-container elementor-column-gap-default\">\n\t\t\t\t\t<div class=\"elementor-column elementor-col-50 elementor-top-column elementor-element elementor-element-1611714a\" data-id=\"1611714a\" data-element_type=\"column\">\n\t\t\t<div class=\"elementor-widget-wrap elementor-element-populated\">\n\t\t\t\t\t\t<div class=\"elementor-element elementor-element-6fd891ce elementor-widget elementor-widget-heading\" data-id=\"6fd891ce\" data-element_type=\"widget\" data-widget_type=\"heading.default\">\n\t\t\t\t<div class=\"elementor-widget-container\">\n\t\t\t\t\t<h2 class=\"elementor-heading-title elementor-size-default\">Packaging carton <\/h2>\t\t\t\t<\/div>\n\t\t\t\t<\/div>\n\t\t\t\t<div class=\"elementor-element elementor-element-74b6f0dc elementor-widget elementor-widget-heading\" data-id=\"74b6f0dc\" data-element_type=\"widget\" data-widget_type=\"heading.default\">\n\t\t\t\t<div class=\"elementor-widget-container\">\n\t\t\t\t\t<h2 class=\"elementor-heading-title elementor-size-default\"><span style=\"font-size: 60px\">Poudreur carton rotatif <\/span><\/h2>\t\t\t\t<\/div>\n\t\t\t\t<\/div>\n\t\t\t\t<div class=\"elementor-element elementor-element-4bd42eb1 elementor-widget elementor-widget-text-editor\" data-id=\"4bd42eb1\" data-element_type=\"widget\" data-widget_type=\"text-editor.default\">\n\t\t\t\t<div class=\"elementor-widget-container\">\n\t\t\t\t\t\t\t\t\t<p>Nos poudreurs sont id\u00e9als pour les poudres cosm\u00e9tiques, nettoyantes, d\u00e9sodorisantes ou encore de dentifrice. La taille du trou peut \u00eatre sur-mesure selon le dosage souhait\u00e9.<\/p>\t\t\t\t\t\t\t\t<\/div>\n\t\t\t\t<\/div>\n\t\t\t\t<section class=\"elementor-section elementor-inner-section elementor-element elementor-element-6337a41e elementor-section-boxed elementor-section-height-default elementor-section-height-default wpr-particle-no wpr-jarallax-no wpr-parallax-no wpr-sticky-section-no\" data-id=\"6337a41e\" data-element_type=\"section\">\n\t\t\t\t\t\t<div class=\"elementor-container elementor-column-gap-default\">\n\t\t\t\t\t<div class=\"elementor-column elementor-col-50 elementor-inner-column elementor-element elementor-element-2ef911bd\" data-id=\"2ef911bd\" data-element_type=\"column\">\n\t\t\t<div class=\"elementor-widget-wrap elementor-element-populated\">\n\t\t\t\t\t\t<div class=\"elementor-element elementor-element-51a761cd elementor-widget elementor-widget-heading\" data-id=\"51a761cd\" data-element_type=\"widget\" data-widget_type=\"heading.default\">\n\t\t\t\t<div class=\"elementor-widget-container\">\n\t\t\t\t\t<h2 class=\"elementor-heading-title elementor-size-default\">Sur mesure<\/h2>\t\t\t\t<\/div>\n\t\t\t\t<\/div>\n\t\t\t\t<div class=\"elementor-element elementor-element-43a1acc8 elementor-widget elementor-widget-text-editor\" data-id=\"43a1acc8\" data-element_type=\"widget\" data-widget_type=\"text-editor.default\">\n\t\t\t\t<div class=\"elementor-widget-container\">\n\t\t\t\t\t\t\t\t\t<p>Du format de la bo\u00eete, \u00e0 la dimension des trous, \u00e0 l&rsquo;impression ainsi qu&rsquo;aux finitions.<\/p>\t\t\t\t\t\t\t\t<\/div>\n\t\t\t\t<\/div>\n\t\t\t\t\t<\/div>\n\t\t<\/div>\n\t\t\t\t<div class=\"elementor-column elementor-col-50 elementor-inner-column elementor-element elementor-element-5cddb210\" data-id=\"5cddb210\" data-element_type=\"column\">\n\t\t\t<div class=\"elementor-widget-wrap elementor-element-populated\">\n\t\t\t\t\t\t<div class=\"elementor-element elementor-element-169ca6db elementor-widget elementor-widget-heading\" data-id=\"169ca6db\" data-element_type=\"widget\" data-widget_type=\"heading.default\">\n\t\t\t\t<div class=\"elementor-widget-container\">\n\t\t\t\t\t<h2 class=\"elementor-heading-title elementor-size-default\">Ecologique<\/h2>\t\t\t\t<\/div>\n\t\t\t\t<\/div>\n\t\t\t\t<div class=\"elementor-element elementor-element-2aa85418 elementor-widget elementor-widget-text-editor\" data-id=\"2aa85418\" data-element_type=\"widget\" data-widget_type=\"text-editor.default\">\n\t\t\t\t<div class=\"elementor-widget-container\">\n\t\t\t\t\t\t\t\t\t<p>Emballage carton 100% recyclable\u00a0<\/p>\t\t\t\t\t\t\t\t<\/div>\n\t\t\t\t<\/div>\n\t\t\t\t\t<\/div>\n\t\t<\/div>\n\t\t\t\t\t<\/div>\n\t\t<\/section>\n\t\t\t\t<section class=\"elementor-section elementor-inner-section elementor-element elementor-element-73df45c4 elementor-section-boxed elementor-section-height-default elementor-section-height-default wpr-particle-no wpr-jarallax-no wpr-parallax-no wpr-sticky-section-no\" data-id=\"73df45c4\" data-element_type=\"section\">\n\t\t\t\t\t\t<div class=\"elementor-container elementor-column-gap-default\">\n\t\t\t\t\t<div class=\"elementor-column elementor-col-50 elementor-inner-column elementor-element elementor-element-78eaf853\" data-id=\"78eaf853\" data-element_type=\"column\">\n\t\t\t<div class=\"elementor-widget-wrap elementor-element-populated\">\n\t\t\t\t\t\t<div class=\"elementor-element elementor-element-2998ae85 elementor-widget elementor-widget-heading\" data-id=\"2998ae85\" data-element_type=\"widget\" data-widget_type=\"heading.default\">\n\t\t\t\t<div class=\"elementor-widget-container\">\n\t\t\t\t\t<h2 class=\"elementor-heading-title elementor-size-default\">Innovant<\/h2>\t\t\t\t<\/div>\n\t\t\t\t<\/div>\n\t\t\t\t<div class=\"elementor-element elementor-element-4f243223 elementor-widget elementor-widget-text-editor\" data-id=\"4f243223\" data-element_type=\"widget\" data-widget_type=\"text-editor.default\">\n\t\t\t\t<div class=\"elementor-widget-container\">\n\t\t\t\t\t\t\t\t\t<p>Packaging \u00e9quip\u00e9 d&rsquo;un syst\u00e8me rotatif innovant<\/p>\t\t\t\t\t\t\t\t<\/div>\n\t\t\t\t<\/div>\n\t\t\t\t\t<\/div>\n\t\t<\/div>\n\t\t\t\t<div class=\"elementor-column elementor-col-50 elementor-inner-column elementor-element elementor-element-1b67c3bc\" data-id=\"1b67c3bc\" data-element_type=\"column\">\n\t\t\t<div class=\"elementor-widget-wrap elementor-element-populated\">\n\t\t\t\t\t\t<div class=\"elementor-element elementor-element-7ad81e34 elementor-widget elementor-widget-heading\" data-id=\"7ad81e34\" data-element_type=\"widget\" data-widget_type=\"heading.default\">\n\t\t\t\t<div class=\"elementor-widget-container\">\n\t\t\t\t\t<h2 class=\"elementor-heading-title elementor-size-default\">Fran\u00e7ais<\/h2>\t\t\t\t<\/div>\n\t\t\t\t<\/div>\n\t\t\t\t<div class=\"elementor-element elementor-element-1247b7bb elementor-widget elementor-widget-text-editor\" data-id=\"1247b7bb\" data-element_type=\"widget\" data-widget_type=\"text-editor.default\">\n\t\t\t\t<div class=\"elementor-widget-container\">\n\t\t\t\t\t\t\t\t\t<p>Fabrication enti\u00e8rement int\u00e9gr\u00e9e \u00e0 Pierrelatte (26700)<\/p>\t\t\t\t\t\t\t\t<\/div>\n\t\t\t\t<\/div>\n\t\t\t\t\t<\/div>\n\t\t<\/div>\n\t\t\t\t\t<\/div>\n\t\t<\/section>\n\t\t\t\t\t<\/div>\n\t\t<\/div>\n\t\t\t\t<div class=\"elementor-column elementor-col-50 elementor-top-column elementor-element elementor-element-32a661e\" data-id=\"32a661e\" data-element_type=\"column\">\n\t\t\t<div class=\"elementor-widget-wrap elementor-element-populated\">\n\t\t\t\t\t\t<div class=\"elementor-element elementor-element-392d05af elementor-widget elementor-widget-image\" data-id=\"392d05af\" data-element_type=\"widget\" data-widget_type=\"image.default\">\n\t\t\t\t<div class=\"elementor-widget-container\">\n\t\t\t\t\t\t\t\t\t\t\t\t\t\t\t<img fetchpriority=\"high\" decoding=\"async\" width=\"914\" height=\"1024\" src=\"https:\/\/spinnpack.fr\/wp-content\/uploads\/2026\/03\/boite-rotated-e1773648105596-914x1024.jpg\" class=\"attachment-large size-large wp-image-2736\" alt=\"\" srcset=\"https:\/\/spinnpack.fr\/wp-content\/uploads\/2026\/03\/boite-rotated-e1773648105596-914x1024.jpg 914w, https:\/\/spinnpack.fr\/wp-content\/uploads\/2026\/03\/boite-rotated-e1773648105596-268x300.jpg 268w, https:\/\/spinnpack.fr\/wp-content\/uploads\/2026\/03\/boite-rotated-e1773648105596-768x860.jpg 768w, https:\/\/spinnpack.fr\/wp-content\/uploads\/2026\/03\/boite-rotated-e1773648105596.jpg 1038w\" sizes=\"(max-width: 914px) 100vw, 914px\" \/>\t\t\t\t\t\t\t\t\t\t\t\t\t\t\t<\/div>\n\t\t\t\t<\/div>\n\t\t\t\t\t<\/div>\n\t\t<\/div>\n\t\t\t\t\t<\/div>\n\t\t<\/section>\n\t\t\t\t<\/div>\n\t\t","protected":false},"excerpt":{"rendered":"<p>Bo\u00eete carton Poudreurs Poudreur en carton \u00e9quip\u00e9 d&rsquo;un syst\u00e8me rotatif avec perforations permettant de doser et de distribuer facilement de la poudre. Packaging carton Poudreur carton rotatif Nos poudreurs sont id\u00e9als pour les poudres cosm\u00e9tiques, nettoyantes, d\u00e9sodorisantes ou encore de dentifrice. La taille du trou peut \u00eatre sur-mesure selon le dosage souhait\u00e9. Sur mesure Du format de la bo\u00eete, \u00e0 la dimension des trous, \u00e0 l&rsquo;impression ainsi qu&rsquo;aux finitions. Ecologique Emballage carton 100% recyclable\u00a0 Innovant Packaging \u00e9quip\u00e9 d&rsquo;un syst\u00e8me rotatif innovant Fran\u00e7ais Fabrication enti\u00e8rement int\u00e9gr\u00e9e \u00e0 Pierrelatte (26700)<\/p>\n","protected":false},"author":1,"featured_media":2348,"parent":0,"menu_order":0,"comment_status":"closed","ping_status":"closed","template":"","meta":{"footnotes":""},"class_list":["post-2554","page","type-page","status-publish","has-post-thumbnail","hentry"],"yoast_head":"<!-- This site is optimized with the Yoast SEO plugin v25.3.1 - https:\/\/yoast.com\/wordpress\/plugins\/seo\/ -->\n<title>Poudreur - Spinnpack<\/title>\n<meta name=\"robots\" content=\"index, follow, max-snippet:-1, max-image-preview:large, max-video-preview:-1\" \/>\n<link rel=\"canonical\" href=\"https:\/\/spinnpack.fr\/?page_id=2554\" \/>\n<meta property=\"og:locale\" content=\"fr_FR\" \/>\n<meta property=\"og:type\" content=\"article\" \/>\n<meta property=\"og:title\" content=\"Poudreur - Spinnpack\" \/>\n<meta property=\"og:description\" content=\"Bo\u00eete carton Poudreurs Poudreur en carton \u00e9quip\u00e9 d&rsquo;un syst\u00e8me rotatif avec perforations permettant de doser et de distribuer facilement de la poudre. Packaging carton Poudreur carton rotatif Nos poudreurs sont id\u00e9als pour les poudres cosm\u00e9tiques, nettoyantes, d\u00e9sodorisantes ou encore de dentifrice. La taille du trou peut \u00eatre sur-mesure selon le dosage souhait\u00e9. Sur mesure Du format de la bo\u00eete, \u00e0 la dimension des trous, \u00e0 l&rsquo;impression ainsi qu&rsquo;aux finitions. Ecologique Emballage carton 100% recyclable\u00a0 Innovant Packaging \u00e9quip\u00e9 d&rsquo;un syst\u00e8me rotatif innovant Fran\u00e7ais Fabrication enti\u00e8rement int\u00e9gr\u00e9e \u00e0 Pierrelatte (26700)\" \/>\n<meta property=\"og:url\" content=\"https:\/\/spinnpack.fr\/?page_id=2554\" \/>\n<meta property=\"og:site_name\" content=\"Spinnpack\" \/>\n<meta property=\"article:modified_time\" content=\"2026-03-16T08:19:02+00:00\" \/>\n<meta property=\"og:image\" content=\"https:\/\/spinnpack.fr\/wp-content\/uploads\/2026\/01\/IMG_5156-768x1024.png\" \/>\n\t<meta property=\"og:image:width\" content=\"768\" \/>\n\t<meta property=\"og:image:height\" content=\"1024\" \/>\n\t<meta property=\"og:image:type\" content=\"image\/png\" \/>\n<meta name=\"twitter:card\" content=\"summary_large_image\" \/>\n<script type=\"application\/ld+json\" class=\"yoast-schema-graph\">{\"@context\":\"https:\/\/schema.org\",\"@graph\":[{\"@type\":\"WebPage\",\"@id\":\"https:\/\/spinnpack.fr\/?page_id=2554\",\"url\":\"https:\/\/spinnpack.fr\/?page_id=2554\",\"name\":\"Poudreur - Spinnpack\",\"isPartOf\":{\"@id\":\"https:\/\/spinnpack.fr\/#website\"},\"primaryImageOfPage\":{\"@id\":\"https:\/\/spinnpack.fr\/?page_id=2554#primaryimage\"},\"image\":{\"@id\":\"https:\/\/spinnpack.fr\/?page_id=2554#primaryimage\"},\"thumbnailUrl\":\"https:\/\/spinnpack.fr\/wp-content\/uploads\/2026\/01\/IMG_5156.png\",\"datePublished\":\"2026-02-03T10:16:40+00:00\",\"dateModified\":\"2026-03-16T08:19:02+00:00\",\"breadcrumb\":{\"@id\":\"https:\/\/spinnpack.fr\/?page_id=2554#breadcrumb\"},\"inLanguage\":\"fr-FR\",\"potentialAction\":[{\"@type\":\"ReadAction\",\"target\":[\"https:\/\/spinnpack.fr\/?page_id=2554\"]}]},{\"@type\":\"ImageObject\",\"inLanguage\":\"fr-FR\",\"@id\":\"https:\/\/spinnpack.fr\/?page_id=2554#primaryimage\",\"url\":\"https:\/\/spinnpack.fr\/wp-content\/uploads\/2026\/01\/IMG_5156.png\",\"contentUrl\":\"https:\/\/spinnpack.fr\/wp-content\/uploads\/2026\/01\/IMG_5156.png\",\"width\":1512,\"height\":2016},{\"@type\":\"BreadcrumbList\",\"@id\":\"https:\/\/spinnpack.fr\/?page_id=2554#breadcrumb\",\"itemListElement\":[{\"@type\":\"ListItem\",\"position\":1,\"name\":\"Accueil\",\"item\":\"https:\/\/spinnpack.fr\/\"},{\"@type\":\"ListItem\",\"position\":2,\"name\":\"Poudreur\"}]},{\"@type\":\"WebSite\",\"@id\":\"https:\/\/spinnpack.fr\/#website\",\"url\":\"https:\/\/spinnpack.fr\/\",\"name\":\"Spinnpack\",\"description\":\"Sp\u00e9cialiste emballages cylindriques\",\"publisher\":{\"@id\":\"https:\/\/spinnpack.fr\/#organization\"},\"potentialAction\":[{\"@type\":\"SearchAction\",\"target\":{\"@type\":\"EntryPoint\",\"urlTemplate\":\"https:\/\/spinnpack.fr\/?s={search_term_string}\"},\"query-input\":{\"@type\":\"PropertyValueSpecification\",\"valueRequired\":true,\"valueName\":\"search_term_string\"}}],\"inLanguage\":\"fr-FR\"},{\"@type\":\"Organization\",\"@id\":\"https:\/\/spinnpack.fr\/#organization\",\"name\":\"Spinnpack\",\"url\":\"https:\/\/spinnpack.fr\/\",\"logo\":{\"@type\":\"ImageObject\",\"inLanguage\":\"fr-FR\",\"@id\":\"https:\/\/spinnpack.fr\/#\/schema\/logo\/image\/\",\"url\":\"https:\/\/spinnpack.fr\/wp-content\/uploads\/2023\/02\/cropped-spinnpack-favicon.jpg\",\"contentUrl\":\"https:\/\/spinnpack.fr\/wp-content\/uploads\/2023\/02\/cropped-spinnpack-favicon.jpg\",\"width\":512,\"height\":512,\"caption\":\"Spinnpack\"},\"image\":{\"@id\":\"https:\/\/spinnpack.fr\/#\/schema\/logo\/image\/\"}}]}<\/script>\n<!-- \/ Yoast SEO plugin. -->","yoast_head_json":{"title":"Poudreur - Spinnpack","robots":{"index":"index","follow":"follow","max-snippet":"max-snippet:-1","max-image-preview":"max-image-preview:large","max-video-preview":"max-video-preview:-1"},"canonical":"https:\/\/spinnpack.fr\/?page_id=2554","og_locale":"fr_FR","og_type":"article","og_title":"Poudreur - Spinnpack","og_description":"Bo\u00eete carton Poudreurs Poudreur en carton \u00e9quip\u00e9 d&rsquo;un syst\u00e8me rotatif avec perforations permettant de doser et de distribuer facilement de la poudre. Packaging carton Poudreur carton rotatif Nos poudreurs sont id\u00e9als pour les poudres cosm\u00e9tiques, nettoyantes, d\u00e9sodorisantes ou encore de dentifrice. La taille du trou peut \u00eatre sur-mesure selon le dosage souhait\u00e9. Sur mesure Du format de la bo\u00eete, \u00e0 la dimension des trous, \u00e0 l&rsquo;impression ainsi qu&rsquo;aux finitions. Ecologique Emballage carton 100% recyclable\u00a0 Innovant Packaging \u00e9quip\u00e9 d&rsquo;un syst\u00e8me rotatif innovant Fran\u00e7ais Fabrication enti\u00e8rement int\u00e9gr\u00e9e \u00e0 Pierrelatte (26700)","og_url":"https:\/\/spinnpack.fr\/?page_id=2554","og_site_name":"Spinnpack","article_modified_time":"2026-03-16T08:19:02+00:00","og_image":[{"width":768,"height":1024,"url":"https:\/\/spinnpack.fr\/wp-content\/uploads\/2026\/01\/IMG_5156-768x1024.png","type":"image\/png"}],"twitter_card":"summary_large_image","schema":{"@context":"https:\/\/schema.org","@graph":[{"@type":"WebPage","@id":"https:\/\/spinnpack.fr\/?page_id=2554","url":"https:\/\/spinnpack.fr\/?page_id=2554","name":"Poudreur - Spinnpack","isPartOf":{"@id":"https:\/\/spinnpack.fr\/#website"},"primaryImageOfPage":{"@id":"https:\/\/spinnpack.fr\/?page_id=2554#primaryimage"},"image":{"@id":"https:\/\/spinnpack.fr\/?page_id=2554#primaryimage"},"thumbnailUrl":"https:\/\/spinnpack.fr\/wp-content\/uploads\/2026\/01\/IMG_5156.png","datePublished":"2026-02-03T10:16:40+00:00","dateModified":"2026-03-16T08:19:02+00:00","breadcrumb":{"@id":"https:\/\/spinnpack.fr\/?page_id=2554#breadcrumb"},"inLanguage":"fr-FR","potentialAction":[{"@type":"ReadAction","target":["https:\/\/spinnpack.fr\/?page_id=2554"]}]},{"@type":"ImageObject","inLanguage":"fr-FR","@id":"https:\/\/spinnpack.fr\/?page_id=2554#primaryimage","url":"https:\/\/spinnpack.fr\/wp-content\/uploads\/2026\/01\/IMG_5156.png","contentUrl":"https:\/\/spinnpack.fr\/wp-content\/uploads\/2026\/01\/IMG_5156.png","width":1512,"height":2016},{"@type":"BreadcrumbList","@id":"https:\/\/spinnpack.fr\/?page_id=2554#breadcrumb","itemListElement":[{"@type":"ListItem","position":1,"name":"Accueil","item":"https:\/\/spinnpack.fr\/"},{"@type":"ListItem","position":2,"name":"Poudreur"}]},{"@type":"WebSite","@id":"https:\/\/spinnpack.fr\/#website","url":"https:\/\/spinnpack.fr\/","name":"Spinnpack","description":"Sp\u00e9cialiste emballages cylindriques","publisher":{"@id":"https:\/\/spinnpack.fr\/#organization"},"potentialAction":[{"@type":"SearchAction","target":{"@type":"EntryPoint","urlTemplate":"https:\/\/spinnpack.fr\/?s={search_term_string}"},"query-input":{"@type":"PropertyValueSpecification","valueRequired":true,"valueName":"search_term_string"}}],"inLanguage":"fr-FR"},{"@type":"Organization","@id":"https:\/\/spinnpack.fr\/#organization","name":"Spinnpack","url":"https:\/\/spinnpack.fr\/","logo":{"@type":"ImageObject","inLanguage":"fr-FR","@id":"https:\/\/spinnpack.fr\/#\/schema\/logo\/image\/","url":"https:\/\/spinnpack.fr\/wp-content\/uploads\/2023\/02\/cropped-spinnpack-favicon.jpg","contentUrl":"https:\/\/spinnpack.fr\/wp-content\/uploads\/2023\/02\/cropped-spinnpack-favicon.jpg","width":512,"height":512,"caption":"Spinnpack"},"image":{"@id":"https:\/\/spinnpack.fr\/#\/schema\/logo\/image\/"}}]}},"_links":{"self":[{"href":"https:\/\/spinnpack.fr\/index.php?rest_route=\/wp\/v2\/pages\/2554","targetHints":{"allow":["GET"]}}],"collection":[{"href":"https:\/\/spinnpack.fr\/index.php?rest_route=\/wp\/v2\/pages"}],"about":[{"href":"https:\/\/spinnpack.fr\/index.php?rest_route=\/wp\/v2\/types\/page"}],"author":[{"embeddable":true,"href":"https:\/\/spinnpack.fr\/index.php?rest_route=\/wp\/v2\/users\/1"}],"replies":[{"embeddable":true,"href":"https:\/\/spinnpack.fr\/index.php?rest_route=%2Fwp%2Fv2%2Fcomments&post=2554"}],"version-history":[{"count":19,"href":"https:\/\/spinnpack.fr\/index.php?rest_route=\/wp\/v2\/pages\/2554\/revisions"}],"predecessor-version":[{"id":2745,"href":"https:\/\/spinnpack.fr\/index.php?rest_route=\/wp\/v2\/pages\/2554\/revisions\/2745"}],"wp:featuredmedia":[{"embeddable":true,"href":"https:\/\/spinnpack.fr\/index.php?rest_route=\/wp\/v2\/media\/2348"}],"wp:attachment":[{"href":"https:\/\/spinnpack.fr\/index.php?rest_route=%2Fwp%2Fv2%2Fmedia&parent=2554"}],"curies":[{"name":"wp","href":"https:\/\/api.w.org\/{rel}","templated":true}]}}